-- https://www.phpmyadmin.net/
--
-- Servidor: 127.0.0.1
-- Tiempo de generación: 21-03-2023 a las 22:59:29
-- Versión del servidor: 10.4.22-MariaDB
-- Versión de PHP: 7.3.33

START TRANSACTION;



--
-- Base de datos: `bdrentas`
--

-- --------------------------------------------------------

--
-- Estructura de tabla para la tabla `arancelpredio`
--

CREATE TABLE `arancelpredio` (
  `ARACodigo` int(11) NOT NULL,
  `ARAAnno` int(11) DEFAULT 0,
  `ARAValor` float DEFAULT NULL
) ENGINE=MyISAM DEFAULT CHARSET=utf8;

--
-- Volcado de datos para la tabla `arancelpredio`
--

INSERT INTO `arancelpredio` (`ARACodigo`, `ARAAño`, `ARAValor`) VALUES
(1, 2022, 15.41),
(2, 2022, 15.41),
(3, 2022, 15.41),
(4, 2022, 15.41),
(5, 2022, 1.54),
(1, 2023, 38.5),
(2, 2023, 35.22),
(3, 2023, 41.3),
(4, 2023, 45.7),
(5, 2023, 55.8);

-- --------------------------------------------------------

--
-- Estructura de tabla para la tabla `autoavaluo`
--

CREATE TABLE `autoavaluo` (
  `AUTCodigo` int(11) NOT NULL,
  `PRECodigo` int(11) DEFAULT 0,
  `CTBCodigo` int(11) DEFAULT 0,
  `AUTNroPre` varchar(2) DEFAULT NULL,
  `AUTAñoCal` varchar(4) DEFAULT NULL,
  `AUTNivel` varchar(2) DEFAULT NULL,
  `AUTCateMU` varchar(1) DEFAULT NULL,
  `AUTCateTE` varchar(1) DEFAULT NULL,
  `AUTCatePI` varchar(1) DEFAULT NULL,
  `AUTCatePU` varchar(1) DEFAULT NULL,
  `AUTCateRE` varchar(1) DEFAULT NULL,
  `AUTCateBA` varchar(1) DEFAULT NULL,
  `AUTCateIN` varchar(1) DEFAULT NULL,
  `AUTVaUnM2` float DEFAULT NULL,
  `AUTAntigu` float DEFAULT NULL,
  `AUTPorDep` float DEFAULT NULL,
  `AUTValDep` float DEFAULT NULL,
  `AUTVaUnDe` float DEFAULT NULL,
  `AUTAreaCo` float DEFAULT NULL,
  `AUTVaArCo` float DEFAULT NULL,
  `AUTVaToCo` float DEFAULT 0,
  `AUTAreaTe` float DEFAULT 0,
  `AUTAraVal` float DEFAULT 0,
  `AUTValTer` float DEFAULT 0,
  `AUTAutova` float DEFAULT 0,
  `AUTExoUrb` float DEFAULT 0,
  `AUTExoRus` float DEFAULT 0,
  `AUTOtrIns` float DEFAULT 0,
  `AUTInafec` float DEFAULT 0,
  `AUTAfecto` float DEFAULT 0,
  `AUTObserv` varchar(15) DEFAULT NULL,
  `AUTRustic` varchar(1) DEFAULT NULL,
  `AUTExoner` varchar(1) DEFAULT NULL,
  `AUTEmisio` float DEFAULT 0
) ENGINE=MyISAM DEFAULT CHARSET=utf8;

--
-- Volcado de datos para la tabla `autoavaluo`
--

INSERT INTO `autoavaluo` (`AUTCodigo`, `PRECodigo`, `CTBCodigo`, `AUTNroPre`, `AUTAñoCal`, `AUTNivel`, `AUTCateMU`, `AUTCateTE`, `AUTCatePI`, `AUTCatePU`, `AUTCateRE`, `AUTCateBA`, `AUTCateIN`, `AUTVaUnM2`, `AUTAntigu`, `AUTPorDep`, `AUTValDep`, `AUTVaUnDe`, `AUTAreaCo`, `AUTVaArCo`, `AUTVaToCo`, `AUTAreaTe`, `AUTAraVal`, `AUTValTer`, `AUTAutova`, `AUTExoUrb`, `AUTExoRus`, `AUTOtrIns`, `AUTInafec`, `AUTAfecto`, `AUTObserv`, `AUTRustic`, `AUTExoner`, `AUTEmisio`) VALUES
(1531, 23, 86, '01', '2000', '01', 'G', 'E', 'H', 'G', 'J', 'J', 'G', 195.66, 0, 30, 58.698, 136.962, 35, 4793.67, 0, 90, 15.41, 1386.9, 6180.57, 1112.5, 0, 0, 0, 5068.07, NULL, NULL, NULL, 11),
(1532, 24, 90, '01', '2000', '01', 'I', 'E', 'I', 'H', 'J', 'J', 'J', 121.29, 11, 40, 48.516, 72.774, 28, 2037.67, 0, 656.03, 15.41, 10109.4, 14184.8, 2553.26, 0, 0, 0, 11631.5, NULL, NULL, NULL, 11),
(1539, 29, 112, '01', '2000', '01', 'G', 'E', 'H', 'H', 'H', 'J', 'J', 169.54, 6, 70, 118.678, 50.862, 25, 1271.55, 0, 0, 15.41, 0, 1271.55, 228.879, 0, 0, 0, 1042.67, NULL, NULL, NULL, 11),
(1540, 30, 113, '01', '2000', '01', 'B', 'B', 'I', 'F', 'H', 'H', 'F', 496.51, 0, 20, 99.302, 397.208, 40, 15888.3, 0, 40, 15.41, 616.4, 16504.7, 2970.85, 0, 0, 0, 13533.9, NULL, NULL, NULL, 11);

-- --------------------------------------------------------

--
-- Estructura de tabla para la tabla `autoavaluopagos`
--

CREATE TABLE `autoavaluopagos` (
  `ADPCodigo` int(11) NOT NULL,
  `CTBCodigo` int(11) DEFAULT NULL,
  `ADPAñoCal` varchar(4) DEFAULT NULL,
  `ADPConcep` varchar(8) DEFAULT NULL,
  `ADPFeEmCa` datetime DEFAULT NULL,
  `ADPMonto` decimal(19,4) DEFAULT NULL,
  `AUPObserv` varchar(50) DEFAULT NULL
) ENGINE=MyISAM DEFAULT CHARSET=utf8;

--
-- Volcado de datos para la tabla `autoavaluopagos`
--

INSERT INTO `autoavaluopagos` (`ADPCodigo`, `CTBCodigo`, `ADPAñoCal`, `ADPConcep`, `ADPFeEmCa`, `ADPMonto`, `AUPObserv`) VALUES
(1, 945, '2005', 'PRED2005', '2005-05-11 00:00:00', '9.8200', NULL),
(2, 945, '2005', 'PRED2005', '2005-05-11 00:00:00', '9.8200', NULL),
(3, 945, '2005', 'PRED2005', '2005-05-11 00:00:00', '9.8200', NULL),
(4, 945, '2005', 'PRED2005', '2005-05-11 00:00:00', '9.8200', NULL),
(5, 945, '2005', 'EMIS2004', '2005-05-11 00:00:00', '11.0000', NULL);

-- --------------------------------------------------------

--
-- Estructura de tabla para la tabla `autoavaluoresumen`
--

CREATE TABLE `autoavaluoresumen` (
  `AURCodigo` int(11) NOT NULL,
  `CTBCodigo` int(11) DEFAULT NULL,
  `AURConcep` varchar(8) DEFAULT NULL,
  `AURAñoCal` int(11) DEFAULT NULL,
  `AURImpues` float DEFAULT 0,
  `AURFeCaIm` datetime DEFAULT NULL,
  `AURAmorti` float DEFAULT 0,
  `AUREmisio` float DEFAULT 0,
  `AURFeCaEm` datetime DEFAULT NULL,
  `AURAmoEmi` float DEFAULT 0,
  `AURFacAju` float DEFAULT 0,
  `AURAjuste` float DEFAULT 0,
  `AURFeCaAj` datetime DEFAULT NULL,
  `AURAmoAju` float DEFAULT 0,
  `AURPorTIM` float DEFAULT 0,
  `AURIntTIM` float DEFAULT 0,
  `AURFeCaIn` datetime DEFAULT NULL,
  `AURAmoTIM` float DEFAULT 0,
  `AURAutova` float DEFAULT 0,
  `AURExoUrb` float DEFAULT 0,
  `AURExoRus` float DEFAULT 0,
  `AURInafec` float DEFAULT 0,
  `AURAfecto` float DEFAULT 0,
  `AURTotal` float DEFAULT 0,
  `AURTrimes` float DEFAULT 0,
  `AURPriCuo` float DEFAULT 0,
  `AURCanPre` tinyint(3) UNSIGNED DEFAULT NULL,
  `AURImprim` varchar(1) DEFAULT 'S'
) ENGINE=MyISAM DEFAULT CHARSET=utf8;

--
-- Volcado de datos para la tabla `autoavaluoresumen`
--

INSERT INTO `autoavaluoresumen` (`AURCodigo`, `CTBCodigo`, `AURConcep`, `AURAñoCal`, `AURImpues`, `AURFeCaIm`, `AURAmorti`, `AUREmisio`, `AURFeCaEm`, `AURAmoEmi`, `AURFacAju`, `AURAjuste`, `AURFeCaAj`, `AURAmoAju`, `AURPorTIM`, `AURIntTIM`, `AURFeCaIn`, `AURAmoTIM`, `AURAutova`, `AURExoUrb`, `AURExoRus`, `AURInafec`, `AURAfecto`, `AURTotal`, `AURTrimes`, `AURPriCuo`, `AURCanPre`, `AURImprim`) VALUES
(234, 1918, 'PRED2000', 2000, 17.5, NULL, 0, 11, NULL, 0, 0, 0, NULL, 0, 0, 0, NULL, 0, 7951.56, 1431.28, 0, 0, 6520.28, 28.5, 4.38, 15.38, 1, 'S'),
(235, 1918, 'EMIS2000', 2000, 11, NULL, 0, 0, NULL, 0, 0, 0, NULL, 0, 0, 0, NULL, 0, 0, 0, 0, 0, 0, 0, 0, 0, NULL, 'S'),
(236, 43, 'PRED2000', 2000, 17.5, NULL, 0, 11, NULL, 0, 0, 0, NULL, 0, 0, 0, NULL, 0, 6192.48, 1114.65, 0, 0, 5077.83, 28.5, 4.38, 15.38, 1, 'S'),
(237, 43, 'EMIS2000', 2000, 11, NULL, 0, 0, NULL, 0, 0, 0, NULL, 0, 0, 0, NULL, 0, 0, 0, 0, 0, 0, 0, 0, 0, NULL, 'S'),
(238, 45, 'PRED2000', 2000, 24.24, NULL, 0, 11, NULL, 0, 0, 0, NULL, 0, 0, 0, NULL, 0, 14780.7, 2660.53, 0, 0, 12120.2, 35.24, 6.06, 17.06, 1, 'S');

-- --------------------------------------------------------

--
-- Estructura de tabla para la tabla `categoriadepredios`
--

CREATE TABLE `categoriadepredios` (
  `CAPCodigo` int(11) NOT NULL,
  `PRECodigo` int(11) DEFAULT NULL,
  `CAPNroPre` varchar(2) DEFAULT NULL,
  `CAPNroNiv` varchar(2) DEFAULT NULL,
  `CAPAñoCon` int(11) DEFAULT 0,
  `CAPCateMU` varchar(1) DEFAULT NULL,
  `CAPCateTE` varchar(1) DEFAULT NULL,
  `CAPCatePI` varchar(1) DEFAULT NULL,
  `CAPCatePU` varchar(1) DEFAULT NULL,
  `CAPCateRE` varchar(1) DEFAULT NULL,
  `CAPCateBA` varchar(1) DEFAULT NULL,
  `CAPCateIN` varchar(1) DEFAULT NULL,
  `CAPAreaCo` float DEFAULT NULL
) ENGINE=MyISAM DEFAULT CHARSET=utf8;

--
-- Volcado de datos para la tabla `categoriadepredios`
--

INSERT INTO `categoriadepredios` (`CAPCodigo`, `PRECodigo`, `CAPNroPre`, `CAPNroNiv`, `CAPAñoCon`, `CAPCateMU`, `CAPCateTE`, `CAPCatePI`, `CAPCatePU`, `CAPCateRE`, `CAPCateBA`, `CAPCateIN`, `CAPAreaCo`) VALUES
(319, 224, '03', '01', 1989, 'C', 'B', 'H', 'D', 'F', 'G', 'F', 225),
(320, 224, '04', '03', 1997, 'C', 'B', 'I', 'G', 'I', 'H', 'H', 56.09),
(322, 226, '01', '01', 1992, 'C', 'B', 'H', 'F', 'F', 'D', 'D', 174.3),
(324, 228, '01', '01', 1995, 'B', 'B', 'G', 'F', 'G', 'F', 'F', 120),
(326, 230, '01', '01', 1994, 'C', 'E', 'H', 'G', 'F', 'J', 'G', 52.25);

-- --------------------------------------------------------

--
-- Estructura de tabla para la tabla `clasificacion`
--

CREATE TABLE `clasificacion` (
  `CLACodigo` int(2) NOT NULL,
  `CLADescri` varchar(40) DEFAULT NULL
) ENGINE=MyISAM DEFAULT CHARSET=utf8;

--
-- Volcado de datos para la tabla `clasificacion`
--

INSERT INTO `clasificacion` (`CLACodigo`, `CLADescri`) VALUES
(1, 'Casa - habitación'),
(2, 'Tienda, Depósito, Almacén'),
(3, 'Edificio (Predio en edificio)'),
(4, 'Clínica,Hospital, cine, taller,Industria'),
(5, 'Sin Identificar');

-- --------------------------------------------------------

--
-- Estructura de tabla para la tabla `condicionpropietario`
--

CREATE TABLE `condicionpropietario` (
  `CPRCodigo` int(2) NOT NULL,
  `CPRDescri` varchar(20) DEFAULT NULL
) ENGINE=MyISAM DEFAULT CHARSET=utf8;

--
-- Volcado de datos para la tabla `condicionpropietario`
--

INSERT INTO `condicionpropietario` (`CPRCodigo`, `CPRDescri`) VALUES
(1, 'Propietario Unico'),
(2, 'Sucesión Indivisa'),
(3, 'Possedor/Tenedor'),
(4, 'Sociedad Conyugal'),
(5, 'Condominio'),
(6, 'Otros'),
(7, 'Transferido'),
(8, 'Nulo');

-- --------------------------------------------------------

--
-- Estructura de tabla para la tabla `configuracion`
--

CREATE TABLE `configuracion` (
  `CONCodigo` int(2) NOT NULL,
  `CONNombre` varchar(50) DEFAULT NULL,
  `CONRuc` varchar(11) DEFAULT NULL,
  `CONDepart` varchar(20) DEFAULT NULL,
  `CONProvin` varchar(20) DEFAULT NULL,
  `CONDistri` varchar(20) DEFAULT NULL,
  `CONDirecc` varchar(50) DEFAULT NULL,
  `SerieNroBoleta` varchar(3) DEFAULT NULL,
  `NroBoleta` int(11) DEFAULT 0,
  `SerieNroFactura` varchar(50) DEFAULT NULL,
  `NroFactura` int(11) DEFAULT 0,
  `SerieNroGuia` varchar(50) DEFAULT NULL,
  `NroRecibo` int(11) DEFAULT 0,
  `NroNotAbono` int(11) DEFAULT 0,
  `SinDocumento` int(11) DEFAULT 0,
  `CONEqui01` varchar(15) DEFAULT NULL,
  `CONEqui02` varchar(15) DEFAULT NULL,
  `CONEqui03` varchar(15) DEFAULT NULL,
  `CONEqui04` varchar(15) DEFAULT NULL,
  `CONEqui05` varchar(15) DEFAULT NULL,
  `CONEqui06` varchar(15) DEFAULT NULL,
  `CONEqui07` varchar(15) DEFAULT NULL,
  `CONEqui08` varchar(15) DEFAULT NULL,
  `CONEqui09` varchar(15) DEFAULT NULL,
  `CONEqui10` varchar(15) DEFAULT NULL,
  `CONVeces` tinyint(3) UNSIGNED DEFAULT 0
) ENGINE=MyISAM DEFAULT CHARSET=utf8;

--
-- Volcado de datos para la tabla `configuracion`
--

INSERT INTO `configuracion` (`CONCodigo`, `CONNombre`, `CONRuc`, `CONDepart`, `CONProvin`, `CONDistri`, `CONDirecc`, `SerieNroBoleta`, `NroBoleta`, `SerieNroFactura`, `NroFactura`, `SerieNroGuia`, `NroRecibo`, `NroNotAbono`, `SinDocumento`, `CONEqui01`, `CONEqui02`, `CONEqui03`, `CONEqui04`, `CONEqui05`, `CONEqui06`, `CONEqui07`, `CONEqui08`, `CONEqui09`, `CONEqui10`, `CONVeces`) VALUES
(1, 'Municipalidad Distrital Imaza Chiriaco', '20148170771', 'Amazonas', 'Utcubamba', 'Imaza Chiriaco', 'Jr. Hipolito Rangel Nº 510 Telef. 33-3333', '001', 22, '001', 27, '001', 3, 1, 1, '796612536', '-1072794339', NULL, NULL, NULL, NULL, NULL, NULL, NULL, NULL, NULL);

-- --------------------------------------------------------

--
-- Estructura de tabla para la tabla `contribuyentes`
--

CREATE TABLE `contribuyentes` (
  `CTBCodigo` INT(11) NOT NULL AUTO_INCREMENT,
  `CTBNombre` varchar(60) DEFAULT NULL,
  `CTBFecNac` varchar(60) DEFAULT NULL,
  `CTBTipDoc` varchar(3) DEFAULT NULL,
  `CTBNroDoc` varchar(11) DEFAULT NULL,
  `CTBDirecc` varchar(50) DEFAULT NULL,
  `CTBNroDir` varchar(4) DEFAULT '0',
  `CTBNroDep` varchar(4) DEFAULT '0',
  `CTBManzan` varchar(2) DEFAULT '0',
  `CTBNrLote` varchar(4) DEFAULT '0',
  `CTBCuadra` varchar(2) DEFAULT '0',
  `CTBLugar` varchar(60) DEFAULT '0',
  `CTBExoner` varchar(1) DEFAULT 'N',
  `CTBResGer` varchar(15) DEFAULT '0',
  `CTBExoFeI` datetime DEFAULT NULL,
  `CTBExoFeF` datetime DEFAULT NULL,
  `CTBObserv` varchar(80) DEFAULT NULL,
  `CTBEstado` varchar(1) DEFAULT 'A',
  PRIMARY KEY (`CTBCodigo`)  
) ENGINE= InnoDB DEFAULT CHARSET=utf8;

--
-- Volcado de datos para la tabla `contribuyentes`
--

INSERT INTO `contribuyentes` (`CTBNombre`, `CTBFecNac`, `CTBTipDoc`, `CTBNroDoc`, `CTBDirecc`, `CTBNroDir`, `CTBNroDep`, `CTBManzan`, `CTBNrLote`, `CTBCuadra`, `CTBLugar`, `CTBExoner`, `CTBResGer`, `CTBExoFeI`, `CTBExoFeF`, `CTBObserv`, `CTBEstado`) VALUES
('SANTILLAN BOCANEGRA, CLOTILDE', NULL, 'DNI', 'No Registra', 'JIRON RAMON CASTILLA Nº 853', '853', '0', '0', '0', '08', '0', 'N', NULL, NULL, NULL, '01', 'A'),
('ABANTO ABANTO, RAFAEL', NULL, 'DNI', 'No Registra', 'BOLOGNESI CUADRA 02', 'S/N', '0', '0', '0', '02', '0', 'N', '0', NULL, NULL, '01', 'A'),
('DIAZ PANDURO, ROBERTO', NULL, 'DNI', 'No Registra', 'JIRON RAMON CASTILLA Nº 1328', '1328', '0', '0', '0', '13', '0', 'N', NULL, NULL, NULL, '03', 'A'),
('PALACIOS NUÑEZ, DIONICIO', NULL, 'DNI', 'No Registra', 'RAMON CASTILLA', 'S/N', '0', '0', '0', '0', '0', 'N', '0', NULL, NULL, '01', 'A'),
('TELEFÓNICA DEL PERÚ S.A.', NULL, 'RUC', '20784521365', 'BOLOGNESI 235', '235', NULL, NULL, NULL, NULL, 'Chiclayo', 'N', '0', NULL, NULL, 'ni uno', 'A');

-- --------------------------------------------------------

--
-- Estructura de tabla para la tabla `documentoinscripcion`
--

CREATE TABLE `documentoinscripcion` (
  `DOCCodigo` int(11) NOT NULL,
  `DOCDescri` varchar(35) DEFAULT NULL
) ENGINE=MyISAM DEFAULT CHARSET=utf8;

--
-- Volcado de datos para la tabla `documentoinscripcion`
--

INSERT INTO `documentoinscripcion` (`DOCCodigo`, `DOCDescri`) VALUES
(1, 'Minuta'),
(2, 'Contrato Privado de Compra Venta'),
(3, 'Escritura'),
(4, 'Constancia de posesión'),
(5, 'Resolucián de transferencia');

-- --------------------------------------------------------

--
-- Estructura de tabla para la tabla `estado`
--

CREATE TABLE `estado` (
  `ESTCodigo` int(2) NOT NULL,
  `ESTDescri` varchar(25) DEFAULT NULL
) ENGINE=MyISAM DEFAULT CHARSET=utf8;

--
-- Volcado de datos para la tabla `estado`
--

INSERT INTO `estado` (`ESTCodigo`, `ESTDescri`) VALUES
(1, 'Terreno sin construir'),
(2, 'En construcción'),
(3, 'Terminado'),
(4, 'En Ruinas'),
(5, 'Sin Definir'),
(6, 'Abandonada');

-- --------------------------------------------------------

--
-- Estructura de tabla para la tabla `estadoconservacion`
--

CREATE TABLE `estadoconservacion` (
  `ESCCodigo` int(2) NOT NULL,
  `ESCDescri` varchar(10) DEFAULT NULL
) ENGINE=MyISAM DEFAULT CHARSET=utf8;

--
-- Volcado de datos para la tabla `estadoconservacion`
--

INSERT INTO `estadoconservacion` (`ESCCodigo`, `ESCDescri`) VALUES
(1, 'Muy Bueno'),
(2, 'Bueno'),
(3, 'Regular'),
(4, 'Malo'),
(5, 'Sin Defini'),
(6, 'Pesimo');

-- --------------------------------------------------------

--
-- Estructura de tabla para la tabla `licencias`
--

CREATE TABLE `licencias` (
  `LICCodigo` int(11) NOT NULL,
  `LICTipo` varchar(20) DEFAULT NULL,
  `LICExpedi` varchar(5) DEFAULT NULL,
  `LICRazSoc` varchar(50) DEFAULT NULL,
  `VIACodigo` int(11) DEFAULT 0,
  `LICNumero` varchar(5) DEFAULT NULL,
  `LICLocali` varchar(10) DEFAULT NULL,
  `LICBarrio` varchar(10) DEFAULT NULL,
  `LICRepLeg` varchar(50) DEFAULT NULL,
  `LICDNI` varchar(8) DEFAULT NULL,
  `LICActPri` varchar(255) DEFAULT NULL,
  `LICModCom` varchar(10) DEFAULT NULL,
  `LICFecAlt` datetime DEFAULT NULL,
  `LICFecBaj` datetime DEFAULT NULL,
  `LICActivo` varchar(1) DEFAULT 'S'
) ENGINE=MyISAM DEFAULT CHARSET=utf8;

--
-- Volcado de datos para la tabla `licencias`
--

INSERT INTO `licencias` (`LICCodigo`, `LICTipo`, `LICExpedi`, `LICRazSoc`, `VIACodigo`, `LICNumero`, `LICLocali`, `LICBarrio`, `LICRepLeg`, `LICDNI`, `LICActPri`, `LICModCom`, `LICFecAlt`, `LICFecBaj`, `LICActivo`) VALUES
(1, 'Licencia Definitiva', '48', 'BAR \" EL CONSENTIDO\"', 22, '1050', 'Soritor', 'Mishuyacu', 'CENTURION CARRANZA OSCAR', '27382280', 'VENTA DE LICORES Y BEBIDAS GASEOSAS', 'Minorista', '2000-06-16 00:00:00', NULL, 'S'),
(2, 'Licencia Definitiva', '120', 'POLICLINICO VIDA SALUD', 2, '980', 'SORITOR', 'CEMENTERIO', 'ALBUJAR CABRERA ROBERTO CESAR', '06804849', 'VENTA DE FARMACOS Y SERVICIOS DE SALUD', 'Servicios', '2006-05-23 00:00:00', NULL, 'S'),
(3, 'Licencia Definitiva', '5', 'EMPRESA DE TRANSPORTE Y TURISMO SAN FELIPE S.A.C', 34, 'S/N', 'SORITOR', 'COCOCHO', 'ARRIVASPLATA JULCA DARIO', '00825029', 'TRANSPORTE DE PASAJEROS Y CARGA', 'Servicios', '2006-05-23 00:00:00', NULL, 'S'),
(4, 'Licencia Definitiva', '20', 'NOTARIA ACOSTA', 2, '1128', 'SORITOR', 'TANGUMI', 'ACOSTA ESPEJO MARIA ISABEL', '01045850', 'SERVICIO JURIDICO', 'Servicios', '2006-05-23 00:00:00', NULL, 'S'),
(5, 'Licencia Definitiva', '26', 'LABORATORIO DENTAL ALTAMIRANO', 34, 'S/N', 'SORITOR', 'COCOCHO', 'ALTAMIRANO DELGADO ANTONIO', '00837844', 'LABORATORIO DENTAL', 'Servicios', '2006-05-23 00:00:00', NULL, 'S');

-- --------------------------------------------------------

--
-- Estructura de tabla para la tabla `limpiezadeudaspagostotal`
--

CREATE TABLE `limpiezadeudaspagostotal` (
  `CTBCodigo` int(11) DEFAULT NULL,
  `PRECodigo` int(11) DEFAULT NULL,
  `COD2` varchar(10) DEFAULT NULL,
  `TIPO` varchar(10) DEFAULT NULL,
  `LDPPeriod` varchar(10) DEFAULT NULL,
  `LIRFecPag` datetime DEFAULT NULL,
  `LICCodigo` int(11) DEFAULT NULL,
  `LDPFecEmi` datetime DEFAULT NULL,
  `LDPFecVen` datetime DEFAULT NULL,
  `LDPDeuAnt` double DEFAULT 0,
  `LDPImpMes` double DEFAULT 0,
  `LDPImport` float DEFAULT NULL,
  `LDPSaldo` float DEFAULT NULL,
  `LDPPago` double DEFAULT 0,
  `REAJUSTE` double DEFAULT NULL,
  `PAGOS` double DEFAULT NULL,
  `FVENCE` datetime DEFAULT NULL
) ENGINE=MyISAM DEFAULT CHARSET=utf8;

--
-- Volcado de datos para la tabla `limpiezadeudaspagostotal`
--

INSERT INTO `limpiezadeudaspagostotal` (`CTBCodigo`, `PRECodigo`, `COD2`, `TIPO`, `LDPPeriod`, `LIRFecPag`, `LICCodigo`, `LDPFecEmi`, `LDPFecVen`, `LDPDeuAnt`, `LDPImpMes`, `LDPImport`, `LDPSaldo`, `LDPPago`, `REAJUSTE`, `PAGOS`, `FVENCE`) VALUES
(408, 1100, NULL, NULL, '200502', NULL, NULL, NULL, NULL, 0, 3, 9, 9, 0, NULL, NULL, NULL),
(409, 1159, NULL, NULL, '200502', NULL, NULL, NULL, NULL, 0, 3, 9, 9, 0, NULL, NULL, NULL),
(412, 110, NULL, NULL, '200502', NULL, NULL, NULL, NULL, 0, 3, 9, 9, 0, NULL, NULL, NULL),
(422, 111, NULL, NULL, '200502', NULL, NULL, NULL, NULL, 0, 3, 9, 9, 0, NULL, NULL, NULL),
(977, 1058, NULL, NULL, '200502', NULL, NULL, NULL, NULL, 0, 4, 12, 12, 0, NULL, NULL, NULL);

-- --------------------------------------------------------

--
-- Estructura de tabla para la tabla `limpiezapagos`
--

CREATE TABLE `limpiezapagos` (
  `CTBCodigo` int(11) DEFAULT NULL,
  `PRECodigo` int(11) DEFAULT NULL,
  `LIPTipMov` varchar(10) DEFAULT NULL,
  `LIPPeriod` varchar(10) DEFAULT NULL,
  `LIPFecPag` datetime DEFAULT NULL,
  `LIPImport` float DEFAULT NULL
) ENGINE=MyISAM DEFAULT CHARSET=utf8;

--
-- Volcado de datos para la tabla `limpiezapagos`
--

INSERT INTO `limpiezapagos` (`CTBCodigo`, `PRECodigo`, `LIPTipMov`, `LIPPeriod`, `LIPFecPag`, `LIPImport`) VALUES
(644, 181, 'PAGO', '200504', '2005-06-02 00:00:00', 4),
(1138, 1763, 'PAGO', '200504', '2005-06-02 00:00:00', 3),
(2283, 1402, 'PAGO', '200504', '2005-06-02 00:00:00', 3),
(1416, 601, 'PAGO', '200504', '2005-06-02 00:00:00', 6),
(2612, 964, 'PAGO', '200504', '2005-05-30 00:00:00', 4);

-- --------------------------------------------------------

--
-- Estructura de tabla para la tabla `limpiezaresumen`
--

CREATE TABLE `limpiezaresumen` (
  `LIRCodigo` int(11) NOT NULL,
  `CTBCodigo` int(11) DEFAULT NULL,
  `PRECodigo` int(11) DEFAULT NULL,
  `LIRTipMov` varchar(1) DEFAULT 'F',
  `LIRPeriod` varchar(10) DEFAULT NULL,
  `LIRFecPag` datetime DEFAULT NULL,
  `LIRFecEmi` datetime DEFAULT NULL,
  `LIRFecVen` datetime DEFAULT NULL,
  `LIRDeuAnt` float DEFAULT 0,
  `LIRImpMes` float DEFAULT 0,
  `LIRImport` float DEFAULT 0,
  `LIRPago` float DEFAULT 0,
  `LIRSaldo` float DEFAULT 0,
  `LIRUsoPre` varchar(30) DEFAULT NULL
) ENGINE=MyISAM DEFAULT CHARSET=utf8;

--
-- Volcado de datos para la tabla `limpiezaresumen`
--

INSERT INTO `limpiezaresumen` (`LIRCodigo`, `CTBCodigo`, `PRECodigo`, `LIRTipMov`, `LIRPeriod`, `LIRFecPag`, `LIRFecEmi`, `LIRFecVen`, `LIRDeuAnt`, `LIRImpMes`, `LIRImport`, `LIRPago`, `LIRSaldo`, `LIRUsoPre`) VALUES
(5450, 340, 81, 'F', '200504', NULL, '2005-05-12 00:00:00', '2005-05-27 00:00:00', 12, 3, 15, 15, 0, NULL),
(5451, 343, 1701, 'F', '200504', NULL, '2005-05-12 00:00:00', '2005-05-27 00:00:00', 20, 5, 25, 0, 25, NULL),
(5453, 345, 615, 'F', '200504', NULL, '2005-05-12 00:00:00', '2005-05-27 00:00:00', 3, 3, 6, 6, 0, NULL),
(5461, 363, 91, 'F', '200504', NULL, '2005-05-12 00:00:00', '2005-05-27 00:00:00', 0, 3, 3, 3, 0, NULL),
(5463, 368, 92, 'F', '200504', NULL, '2005-05-12 00:00:00', '2005-05-27 00:00:00', 0, 3, 3, 3, 0, NULL);

-- --------------------------------------------------------

--
-- Estructura de tabla para la tabla `limpiezatarifas`
--

CREATE TABLE `limpiezatarifas` (
  `TARCodigo` int(11) NOT NULL,
  `TARDescri` varchar(50) DEFAULT NULL,
  `TARImport` float DEFAULT 0
) ENGINE=MyISAM DEFAULT CHARSET=utf8;

--
-- Volcado de datos para la tabla `limpiezatarifas`
--

INSERT INTO `limpiezatarifas` (`TARCodigo`, `TARDescri`, `TARImport`) VALUES
(1, 'Casa Hab. 01 Terminada o co', 3),
(2, 'Casa Hab. 02 Terminada o co', 3),
(3, 'Casa Hab. 03 Terminada o co', 3),
(4, 'Casa Hab. 04 Terminada o co', 3),
(5, 'Predios sin Edificar 01', 2);

-- --------------------------------------------------------

--
-- Estructura de tabla para la tabla `materialpredominante`
--

CREATE TABLE `materialpredominante` (
  `MPRCodigo` int(2) NOT NULL,
  `MPRDescri` varchar(25) DEFAULT NULL
) ENGINE=MyISAM DEFAULT CHARSET=utf8;

--
-- Volcado de datos para la tabla `materialpredominante`
--

INSERT INTO `materialpredominante` (`MPRCodigo`, `MPRDescri`) VALUES
(1, 'Concreto'),
(2, 'Ladrillo'),
(3, 'Adobe (Quincha, madera)'),
(4, 'Sin Definir');

-- --------------------------------------------------------

--
-- Estructura de tabla para la tabla `partidaspresupuestarias`
--

CREATE TABLE `partidaspresupuestarias` (
  `PAPCodigo` int(11) NOT NULL,
  `PAPCuenta` varchar(15) DEFAULT NULL,
  `PAPDescri` varchar(255) DEFAULT NULL,
  `PAPPorUIT` float DEFAULT 0,
  `PAPImport` float DEFAULT 0,
  `PAPTipo` varchar(1) DEFAULT NULL
) ENGINE=MyISAM DEFAULT CHARSET=utf8;

--
-- Volcado de datos para la tabla `partidaspresupuestarias`
--

INSERT INTO `partidaspresupuestarias` (`PAPCodigo`, `PAPCuenta`, `PAPDescri`, `PAPPorUIT`, `PAPImport`, `PAPTipo`) VALUES
(1, '11200100', 'IMPUESTO PREDIAL', 0, 0, 'G'),
(2, '11200101', 'IMPUESTO PREDIAL', 0, 0, 'E'),
(3, '11200200', 'IMPUESTO DE ALCABALA', 0, 0, 'G'),
(4, '11200201', 'IMPUESTO DE ALCABALA', 3, 0, 'E'),
(5, '11401800', 'A LA PRODUCCION Y CONSUMO', 0, 0, 'G');

-- --------------------------------------------------------

--
-- Estructura de tabla para la tabla `partidaspresupuestariasdetalles`
--

CREATE TABLE `partidaspresupuestariasdetalles` (
  `PAPCodigo` int(11) NOT NULL,
  `PAPCuenta` varchar(8) DEFAULT NULL,
  `PPDContri` varchar(50) DEFAULT NULL,
  `PPDRecibo` varchar(10) DEFAULT NULL,
  `PPDFecha` datetime DEFAULT NULL,
  `PPDValor` float DEFAULT 0,
  `PPDCantid` float DEFAULT 0,
  `PPDImport` float DEFAULT 0,
  `PPDDescri` varchar(100) DEFAULT NULL,
  `PPDCancel` varchar(1) DEFAULT 'N'
) ENGINE=MyISAM DEFAULT CHARSET=utf8;

--
-- Volcado de datos para la tabla `partidaspresupuestariasdetalles`
--

INSERT INTO `partidaspresupuestariasdetalles` (`PAPCodigo`, `PAPCuenta`, `PPDContri`, `PPDRecibo`, `PPDFecha`, `PPDValor`, `PPDCantid`, `PPDImport`, `PPDDescri`, `PPDCancel`) VALUES
(2, '11200100', 'ANTONIO TORRES MUÑOZ', '05080036', '2005-08-01 00:00:00', 150, 1, 150, 'LET: 1-06/10 DEUDA FRACCIONADA - 1999-2005', 'S'),
(2, '11200100', 'ADRIANZEN ROMAN JOSE SERVANDO', '05080052', '2005-08-01 00:00:00', 19, 1, 19, 'CORRESPONDIENTE AL AÑO 2005 - MZ-06, LTE-01 URB. POPULAR \"jOSE GALVEZ\"', 'S'),
(2, '11200100', 'ADRIANZEN ROMAN JOSE SERVANDO', '05080053', '2005-08-01 00:00:00', 19, 1, 19, 'CORESPONDIENTE AL AÑO 2005 MZ-06, LTE-22 URB. POPULAR \"JOSE GALVEZ\"', 'S'),
(20, '12101200', 'EMILIA VALLES BOCANEGRA', '05080004', '2005-08-01 00:00:00', 6, 1, 6, 'INSCRIPCION DE DEFUNCION', 'S'),
(20, '12101200', 'SEGUNDO INFANTE GUARNIZ', '05080025', '2005-08-01 00:00:00', 6, 1, 6, NULL, 'S');

-- --------------------------------------------------------

--
-- Estructura de tabla para la tabla `permisooperacion`
--

CREATE TABLE `permisooperacion` (
  `PAPCodigo` int(11) NOT NULL,
  `PAPComite` varchar(50) DEFAULT NULL,
  `PAPApelli` varchar(30) DEFAULT NULL,
  `PAPNombre` varchar(30) DEFAULT NULL,
  `PAPClase` varchar(15) DEFAULT NULL,
  `PAPPlaca` varchar(15) DEFAULT NULL,
  `PAPMarca` varchar(15) DEFAULT NULL,
  `PAPModelo` varchar(15) DEFAULT NULL,
  `PAPNroSer` varchar(30) DEFAULT NULL,
  `PAPNroMot` varchar(30) DEFAULT NULL,
  `PAPAño` varchar(4) DEFAULT NULL,
  `PAPColor` varchar(10) DEFAULT NULL,
  `PAPNroRue` tinyint(3) UNSIGNED DEFAULT 0,
  `PAPFecha` datetime DEFAULT NULL,
  `PAPFecVen` datetime DEFAULT NULL,
  `PAPProAct` varchar(50) DEFAULT NULL,
  `PAPActivo` varchar(1) DEFAULT 'S'
) ENGINE=MyISAM DEFAULT CHARSET=utf8;

--
-- Volcado de datos para la tabla `permisooperacion`
--

INSERT INTO `permisooperacion` (`PAPCodigo`, `PAPComite`, `PAPApelli`, `PAPNombre`, `PAPClase`, `PAPPlaca`, `PAPMarca`, `PAPModelo`, `PAPNroSer`, `PAPNroMot`, `PAPAño`, `PAPColor`, `PAPNroRue`, `PAPFecha`, `PAPFecVen`, `PAPProAct`, `PAPActivo`) VALUES
(1, 'EBER MIKY', 'SANCHEZ COLLANTES', 'LEYNER', 'Veh. MENOR', 'En Tramite', 'HONGYI', 'TROOPER 125', 'HX156FMT40600022', 'LNGPCIXJ34C000375', '2004', 'ROJO', 3, '2005-02-16 00:00:00', '2006-02-16 00:00:00', NULL, 'S'),
(3, 'EBER MIKY', 'FERNANDEZ DELGADO', 'GRABIEL', 'Veh. MENOR', 'NRR-7374', 'SUMO', 'SG 125', 'YRN2004957CH2', '41363452', '2004', 'NEGRO', 3, '2005-04-08 00:00:00', '2006-04-08 00:00:00', NULL, 'S'),
(4, 'EBER MIKY', 'COTRINA FERNANDEZ', 'ROYSER', 'Veh. MENOR', 'MGR-7567', 'RICO', 'YRN 125', 'YRN2002232 CH2', 'JL1562002003092-124CC', '2002', 'AZUL', 3, '2005-03-01 00:00:00', '2006-03-01 00:00:00', NULL, 'S'),
(5, 'EBER MIKY', 'RIOS MONTOYA ', 'LUISA', 'Veh. MENOR', 'MX-20931', 'HONGYI', 'TROOPER ', 'LNGPCJXJ84C000159', 'HY156FMJ40100054', '2004', 'AZUL', 3, '2005-02-16 00:00:00', '2006-02-16 00:00:00', NULL, 'S'),
(6, 'EBER MIKY', 'CENTURION CASTILLO', 'AMADO', 'Veh. MENOR', 'En Tramite', 'COBOS', 'CMC-125', '859-E-23-DL64RC33-137', 'CG125-0404170578', '2004', 'AZUL', 3, '2004-10-26 00:00:00', '2005-10-26 00:00:00', NULL, 'S');

-- --------------------------------------------------------

--
-- Estructura de tabla para la tabla `porcentajesdepreciacion`
--

CREATE TABLE `porcentajesdepreciacion` (
  `PDECodigo` int(11) NOT NULL,
  `PDETope` double DEFAULT NULL,
  `CLACodigo` varchar(2) DEFAULT NULL,
  `MPRCodigo` varchar(2) DEFAULT NULL,
  `ESCCodigo` varchar(2) DEFAULT NULL,
  `PDEPorcen` double DEFAULT NULL
) ENGINE=MyISAM DEFAULT CHARSET=utf8;

--
-- Volcado de datos para la tabla `porcentajesdepreciacion`
--

INSERT INTO `porcentajesdepreciacion` (`PDECodigo`, `PDETope`, `CLACodigo`, `MPRCodigo`, `ESCCodigo`, `PDEPorcen`) VALUES
(1, 5, '01', '01', '01', 0),
(2, 5, '01', '01', '02', 5),
(3, 5, '01', '01', '03', 10),
(4, 5, '01', '01', '04', 55),
(5, 5, '01', '01', '05', 0);

-- --------------------------------------------------------

--
-- Estructura de tabla para la tabla `prediocaracteristicas`
--

CREATE TABLE `prediocaracteristicas` (
  `CTBCodigo` int(11) DEFAULT NULL,
  `CONPROP` varchar(1) DEFAULT NULL,
  `PREDIO` int(11) DEFAULT 0,
  `PISONU` varchar(2) DEFAULT NULL,
  `RUSTICO` varchar(1) DEFAULT NULL,
  `UBICA` int(11) DEFAULT NULL,
  `DESCRI` varchar(25) DEFAULT NULL,
  `DIRECC` varchar(3) DEFAULT NULL,
  `NUMERO` varchar(10) DEFAULT NULL,
  `CUADRA` varchar(2) DEFAULT NULL,
  `MNZ` varchar(3) DEFAULT NULL,
  `LOTE` varchar(3) DEFAULT NULL,
  `ESTADO` varchar(1) DEFAULT NULL,
  `USO` varchar(2) DEFAULT NULL,
  `TIPO` varchar(1) DEFAULT NULL,
  `LUZ` varchar(1) DEFAULT NULL,
  `AGUA` varchar(1) DEFAULT NULL,
  `WEXONERA` varchar(1) DEFAULT NULL,
  `CLASIF` varchar(1) DEFAULT NULL,
  `MATERIA` varchar(1) DEFAULT NULL,
  `CONSERV` varchar(1) DEFAULT NULL,
  `NTPISO` varchar(2) DEFAULT NULL,
  `ANTIGUE` double DEFAULT NULL,
  `MUROS` varchar(1) DEFAULT NULL,
  `TECHOS` varchar(1) DEFAULT NULL,
  `PISOS` varchar(1) DEFAULT NULL,
  `PUERTAS` varchar(1) DEFAULT NULL,
  `REVESTI` varchar(1) DEFAULT NULL,
  `BANOS` varchar(1) DEFAULT NULL,
  `INSTALA` varchar(1) DEFAULT NULL,
  `AREAC` double DEFAULT NULL,
  `ARANCEL` double DEFAULT NULL,
  `AREAT` double DEFAULT NULL,
  `VOTROS` double DEFAULT NULL,
  `GRUPO` varchar(2) DEFAULT NULL,
  `REXO` varchar(20) DEFAULT NULL,
  `PRES_PREDIO` varchar(2) DEFAULT NULL,
  `PISO` varchar(2) DEFAULT NULL,
  `VALUNI` double DEFAULT NULL,
  `PDEPRE` double DEFAULT NULL,
  `VDEPRE` double DEFAULT NULL,
  `VUNIDEP` double DEFAULT NULL,
  `VAREAC` double DEFAULT NULL,
  `VARANC` double DEFAULT NULL,
  `VTOTER` double DEFAULT NULL,
  `AUTOVAL` double DEFAULT NULL
) ENGINE=MyISAM DEFAULT CHARSET=utf8;

--
-- Volcado de datos para la tabla `prediocaracteristicas`
--

INSERT INTO `prediocaracteristicas` (`CTBCodigo`, `CONPROP`, `PREDIO`, `PISONU`, `RUSTICO`, `UBICA`, `DESCRI`, `DIRECC`, `NUMERO`, `CUADRA`, `MNZ`, `LOTE`, `ESTADO`, `USO`, `TIPO`, `LUZ`, `AGUA`, `WEXONERA`, `CLASIF`, `MATERIA`, `CONSERV`, `NTPISO`, `ANTIGUE`, `MUROS`, `TECHOS`, `PISOS`, `PUERTAS`, `REVESTI`, `BANOS`, `INSTALA`, `AREAC`, `ARANCEL`, `AREAT`, `VOTROS`, `GRUPO`, `REXO`, `PRES_PREDIO`, `PISO`, `VALUNI`, `PDEPRE`, `VDEPRE`, `VUNIDEP`, `VAREAC`, `VARANC`, `VTOTER`, `AUTOVAL`) VALUES
(766, '1', 1, '01', NULL, 1, 'COCOCHO', '006', NULL, NULL, NULL, NULL, NULL, NULL, '1', NULL, NULL, NULL, NULL, NULL, NULL, '01', 0, NULL, NULL, NULL, NULL, NULL, NULL, NULL, 0, 10, 429, 0, NULL, NULL, '01', '01', 0, 0, 0, 0, 0, 10, 4290, 4290),
(972, '4', 1, '01', NULL, 3, 'TANGUMI', '007', NULL, NULL, NULL, NULL, '3', '01', '1', 'N', 'S', NULL, '1', '2', '3', '01', 1, 'C', 'E', 'I', 'F', 'I', 'J', 'J', 32, 10, 324, 0, NULL, NULL, '01', '01', 238.13, 20, 47.63, 190.5, 6096, 10, 3240, 9336),
(971, '4', 1, '0', 'R', 12, 'SECTOR ATUM RUMI', '004', NULL, NULL, NULL, NULL, NULL, NULL, '8', NULL, NULL, NULL, NULL, NULL, NULL, NULL, 0, NULL, NULL, NULL, NULL, NULL, NULL, NULL, 0, 8656.52, 1.9, 0, 'A1', NULL, '01', '0', 0, 0, 0, 0, 0, 8656.52, 16447.39, 8223.69),
(767, '1', 1, '01', NULL, 3, 'TANGUMI', '008', '205', '02', NULL, NULL, '3', '01', '1', 'S', 'S', NULL, '1', '2', '3', NULL, 8, 'C', 'E', 'H', 'G', 'I', 'G', 'G', 40, 10, 576, 0, NULL, NULL, '01', '01', 254.02, 23, 58.42, 195.6, 7824, 10, 5760, 13584),
(45, '1', 1, '01', NULL, 1, 'COCOCHO', '003', '498', '04', NULL, NULL, '3', '01', '1', 'S', 'S', NULL, '1', '2', '3', '01', 8, 'C', 'E', 'H', 'F', 'J', 'J', 'G', 50.5, 12, 260, 0, NULL, NULL, '01', '01', 260.55, 23, 59.93, 200.62, 10131.31, 12, 3120, 13251.31),
(977, '1', 1, '01', NULL, 1, 'COCOCHO', '012', NULL, NULL, NULL, NULL, NULL, NULL, '1', NULL, NULL, NULL, NULL, NULL, NULL, '01', 0, NULL, NULL, NULL, NULL, NULL, NULL, NULL, 0, 12.33, 400, 0, NULL, NULL, '01', '01', 0, 0, 0, 0, 0, 12.33, 4932, 4932);

-- --------------------------------------------------------

--
-- Estructura de tabla para la tabla `predios`
--

CREATE TABLE `predios` (
  `PRECodigo` int(11) NOT NULL AUTO_INCREMENT,
  `CTBCodigo` int(11) DEFAULT NULL,
  `PREFecIns` datetime DEFAULT NULL,
  `LIPCTBPag` varchar(60) DEFAULT NULL,
  `PRECalle` varchar(30) DEFAULT NULL,
  `PRECuadra` varchar(2) DEFAULT '0',
  `PRERefere` varchar(255) DEFAULT NULL,
  `PREExoner` varchar(1) DEFAULT 'N',
  `PREAreaTe` float DEFAULT 0,
  `PREOtrIns` float DEFAULT 0,
  `PREMotDec` varchar(11) DEFAULT '0',
  `PREManzan` varchar(3) DEFAULT '0',
  `PRENroLot` varchar(5) DEFAULT '0',
  `PRENroDir` varchar(15) DEFAULT '0',
  `PRENroDep` varchar(4) DEFAULT '0',
  `PREDirRef` varchar(5) DEFAULT '0',
  `PRENombre` varchar(100) DEFAULT NULL,
  `PREUrbRur` varchar(1) DEFAULT 'R',
  `PREAnexo` varchar(1) DEFAULT 'N',
  `VIACodigo` int(11) DEFAULT NULL,
  `ARACodigo` int(11) DEFAULT NULL,
  `CLACodigo` varchar(2) DEFAULT NULL,
  `UBICodigo` varchar(2) DEFAULT NULL,
  `USOCodigo` varchar(2) DEFAULT NULL,
  `ESTCodigo` varchar(2) DEFAULT NULL,
  `TIPCodigo` varchar(2) DEFAULT NULL,
  `MPRCodigo` varchar(2) DEFAULT NULL,
  `ESCCodigo` varchar(2) DEFAULT NULL,
  `CPRCodigo` varchar(2) DEFAULT NULL,
  `TARCodigo` int(11) DEFAULT 0,
  `PREActivi` varchar(1) DEFAULT NULL,
  `PREAutova` float DEFAULT 0,
  `PREAlcaba` float DEFAULT 0,
  `PRELimPub` varchar(1) DEFAULT 'S',
  `PREEmitir` varchar(1) DEFAULT 'S',
  `PRESusHas` varchar(6) DEFAULT NULL,
  `PREComent` varchar(255) DEFAULT NULL,
  `PRERefUbi` varchar(50) DEFAULT NULL,
  `PRELimNor` varchar(50) DEFAULT NULL,
  `PRELimSur` varchar(50) DEFAULT NULL,
  `PRELimEst` varchar(50) DEFAULT NULL,
  `PRELimOes` varchar(50) DEFAULT NULL,
  PRIMARY KEY (`PRECodigo`)    
) ENGINE= InnoDB DEFAULT CHARSET=utf8;


--
-- Volcado de datos para la tabla `predios`
--

INSERT INTO `predios` (`CTBCodigo`, `PREFecIns`, `LIPCTBPag`, `PRECalle`, `PRECuadra`, `PRERefere`, `PREExoner`, `PREAreaTe`, `PREOtrIns`, `PREMotDec`, `PREManzan`, `PRENroLot`, `PRENroDir`, `PRENroDep`, `PREDirRef`, `PRENombre`, `PREUrbRur`, `PREAnexo`, `VIACodigo`, `ARACodigo`, `CLACodigo`, `UBICodigo`, `USOCodigo`, `ESTCodigo`, `TIPCodigo`, `MPRCodigo`, `ESCCodigo`, `CPRCodigo`, `TARCodigo`, `PREActivi`, `PREAutova`, `PREAlcaba`, `PRELimPub`, `PREEmitir`, `PRESusHas`, `PREComent`, `PRERefUbi`, `PRELimNor`, `PRELimSur`, `PRELimEst`, `PRELimOes`) VALUES
(1, '2023-08-22 00:00:00', 'SANTILLAN BOCANEGRA, CLOTILDE', 'Jiron Fray Martin', 'S/', 'Sin Definir', 'N', 120, 0, 'Inscripción', '0', '0', 'S/N', '0', '00000', 'BARRIO TANGUMI', 'U', 'N', 15, NULL, '01', '01', '01', '03', '01', '03', '03', '01', 5, 'P', 2776, NULL, 'N', 'N', '', NULL, 'Ninguna', NULL, NULL, NULL, NULL),
(2, '2023-08-25 00:00:00', 'ABANTO ABANTO, RAFAEL', 'Jiron Hipolito Rangel', '08', 'Sin Definir', 'N', 656.03, 0, 'Inscripción', '00', '00', '800', '0', '0', 'BARRIO LA LOMA', 'U', 'N', 21, NULL, '05', '01', '19', '01', '01', '04', '05', '01', 5, 'P', 10785.1, NULL, 'N', 'N', '', NULL, 'Text69', NULL, NULL, NULL, NULL),
(3, '2023-08-29 00:00:00', 'DIAZ PANDURO, ROBERTO', 'Jiron Ramon Castilla', '08', 'Sin Definir', 'N', 129, 0, 'Inscripción', '00', '00', '845', '0', 'C-08', 'Barrio \"Cococho\"', 'U', 'N', 2, NULL, '01', '01', '01', '03', '01', '01', '02', '04', 3, 'P', 59174.6, NULL, 'N', 'N', '', NULL, 'Text69', NULL, NULL, NULL, NULL),
(3, '2023-08-31 00:00:00', 'DIAZ PANDURO, ROBERTO', 'Jiron Miguel Grau', 'S/', 'Sin Definir', 'N', 123.25, 0, 'Inscripción', '00', '00', 'S/N', '0', 'C-08', 'Barrio \"Cococho\"', 'U', 'N', 4, NULL, '01', '01', '01', '03', '01', '01', '02', '01', 3, 'P', 39821.9, NULL, 'N', 'N', NULL, NULL, 'CEMENTERIO', NULL, NULL, NULL, NULL),
(4, '2023-08-31 00:00:00', 'PALACIOS NUÑEZ, DIONICIO', 'Sin Definir', '12', 'Sin Definir', 'N', 0, 0, '0', '00', '00', '1200', '0', '0', 'Sin Definir', 'U', 'N', 14, NULL, '01', '01', '01', '03', '01', '03', '04', '01', 1, 'P', 0, NULL, 'N', 'N', NULL, NULL, 'TANGUMI', NULL, NULL, NULL, NULL);
(5, '2023-09-04 00:00:00', 'PEREZ VARGAS, CARLOS', 'Sin Definir', '12', 'Sin Definir', 'N', 0, 0, '0', '00', '00', '1200', '0', '0', 'Sin Definir', 'U', 'N', 14, NULL, '01', '01', '01', '03', '01', '03', '04', '01', 1, 'P', 0, NULL, 'N', 'N', NULL, NULL, 'TANGUMI', NULL, NULL, NULL, NULL);
-- --------------------------------------------------------

--
-- Estructura de tabla para la tabla `tipodocumento`
--

CREATE TABLE `tipodocumento` (
  `TDOCodigo` int(11) NOT NULL,
  `TDODescri` varchar(40) DEFAULT NULL
) ENGINE=MyISAM DEFAULT CHARSET=utf8;

--
-- Volcado de datos para la tabla `tipodocumento`
--

INSERT INTO `tipodocumento` (`TDOCodigo`, `TDODescri`) VALUES
(1, 'DOCUMENTO NACIONAL DE IDENTIDAD (DNI)'),
(2, 'REGISTRO UNICO DE CONTRIBUYENTE (RUC)'),
(3, 'LIBRETA  MILITAR'),
(4, 'CARNET DE EXTRANJERIA'),
(5, 'CARNET MILITAR'),
(99, 'SIN DOCUMENTO DE IDENTIDAD');

-- --------------------------------------------------------

--
-- Estructura de tabla para la tabla `tipopredios`
--

CREATE TABLE `tipopredios` (
  `TIPCodigo` int(2) NOT NULL,
  `TIPDescri` varchar(30) DEFAULT NULL
) ENGINE=MyISAM DEFAULT CHARSET=utf8;

--
-- Volcado de datos para la tabla `tipopredios`
--

INSERT INTO `tipopredios` (`TIPCodigo`, `TIPDescri`) VALUES
(1, 'Predio Independiente'),
(2, 'Dpto. u Oficina en Edificio'),
(3, 'Predio en Quinta'),
(4, 'Cuarto en vecindad'),
(5, 'Tienda'),
(6, 'Otros'),
(7, 'Sin Definir'),
(25, 'dadadad');

-- --------------------------------------------------------

--
-- Estructura de tabla para la tabla `ubicacion`
--

CREATE TABLE `ubicacion` (
  `UBICodigo` int(2) NOT NULL,
  `UBIDepart` varchar(15) DEFAULT NULL,
  `UBIProvin` varchar(20) DEFAULT NULL,
  `UBIDistri` varchar(20) DEFAULT NULL,
  `UBIEstado` varchar(1) DEFAULT 'A'
) ENGINE=MyISAM DEFAULT CHARSET=utf8;

--
-- Volcado de datos para la tabla `ubicacion`
--

INSERT INTO `ubicacion` (`UBICodigo`, `UBIDepart`, `UBIProvin`, `UBIDistri`, `UBIEstado`) VALUES
(1, 'San Martin', 'Moyobamba', 'Moyobamba', 'A'),
(2, 'SDADASD', 'asdasdad', 'asdasda', 'A'),
(3, 'Lima', 'Lima', 'Lima', 'A'),
(4, 'Lambayeque', 'Chiclayo', 'Chiclayo', 'A');

-- --------------------------------------------------------

--
-- Estructura de tabla para la tabla `users`
--

CREATE TABLE `users` (
  `id` bigint(20) UNSIGNED NOT NULL,
  `name` varchar(255) COLLATE utf8mb4_unicode_ci NOT NULL,
  `email` varchar(255) COLLATE utf8mb4_unicode_ci NOT NULL,
  `email_verified_at` timestamp NULL DEFAULT NULL,
  `password` varchar(255) COLLATE utf8mb4_unicode_ci NOT NULL,
  `remember_token` varchar(100) COLLATE utf8mb4_unicode_ci DEFAULT NULL,
  `created_at` timestamp NULL DEFAULT NULL,
  `updated_at` timestamp NULL DEFAULT NULL
) ENGINE=InnoDB DEFAULT CHARSET=utf8mb4 COLLATE=utf8mb4_unicode_ci;

--
-- Volcado de datos para la tabla `users`
--

INSERT INTO `users` (`id`, `name`, `email`, `email_verified_at`, `password`, `remember_token`, `created_at`, `updated_at`) VALUES
(1, 'Dennis Perez', 'admin@gmail.com', NULL, '$2y$10$1aYknRNWA22q1KBWj4VhYexr7wAfpXEDxriHCVZRieX7C5ZXvVJre', NULL, '2023-03-22 01:16:27', '2023-03-22 01:16:27');

-- --------------------------------------------------------

--
-- Estructura de tabla para la tabla `usopredios`
--

CREATE TABLE `usopredios` (
  `USOCodigo` int(11) NOT NULL,
  `USODescri` varchar(25) DEFAULT NULL
) ENGINE=MyISAM DEFAULT CHARSET=utf8;

--
-- Volcado de datos para la tabla `usopredios`
--

INSERT INTO `usopredios` (`USOCodigo`, `USODescri`) VALUES
(1, 'Casa - Habitación'),
(2, 'Comercio'),
(3, 'Industria'),
(4, 'Servicio en General'),
(5, 'Educacional'),
(6, 'Gobierno Extranjero'),
(7, 'Fundación/Asociación'),
(8, 'Fundación/Asociación'),
(9, 'Templo o convento'),
(10, 'Museo'),
(11, 'Compañía de Bomberos'),
(12, 'Org.Sindical'),
(13, 'Comunidad Campesina'),
(14, 'Cultural'),
(15, 'Part.Politicos'),
(16, 'Asist.Gratuita'),
(17, 'Comun.Laboral'),
(18, 'Monum.Histórico'),
(19, 'Otros'),
(20, 'Sin Definir');

-- --------------------------------------------------------

--
-- Estructura de tabla para la tabla `usuarios`
--

CREATE TABLE `usuarios` (
  `USUCodigo` int(11) NOT NULL,
  `USUNombre` varchar(30) DEFAULT NULL,
  `USUClave` varchar(20) DEFAULT NULL,
  `USUFecExp` datetime DEFAULT NULL,
  `USUPropie` varchar(50) DEFAULT NULL,
  `USUActivo` varchar(1) DEFAULT 'S'
) ENGINE=MyISAM DEFAULT CHARSET=utf8;

--
-- Volcado de datos para la tabla `usuarios`
--

INSERT INTO `usuarios` (`USUCodigo`, `USUNombre`, `USUClave`, `USUFecExp`, `USUPropie`, `USUActivo`) VALUES
(1, 'Jefe de Area', 'YES', '2020-12-31 00:00:00', 'ja', 'N'),
(2, 'Usuario', 'us', '2002-12-31 00:00:00', 'Sra Castillo', 'S'),
(3, 'CAJA', '123', '2003-12-31 00:00:00', 'Sr.', 'N');

-- --------------------------------------------------------

--
-- Estructura de tabla para la tabla `valoresanuales`
--

CREATE TABLE `valoresanuales` (
  `VAAAño` int(11) DEFAULT 0,
  `VAAPoDeRu` float DEFAULT 0,
  `VAAPoDeUr` float DEFAULT 0,
  `VAAValEmi` decimal(19,4) DEFAULT 0.0000,
  `VAATasa1` float DEFAULT 0,
  `VAATasa2` float DEFAULT 0,
  `VAATasa3` float DEFAULT 0,
  `VAAUIT` decimal(19,4) DEFAULT 0.0000,
  `VAATopMin` decimal(19,4) DEFAULT 0.0000,
  `VAAFeVePr` datetime DEFAULT NULL,
  `VAAFeVeSe` datetime DEFAULT NULL,
  `VAAFeVete` datetime DEFAULT NULL,
  `VAAFeVeCu` datetime DEFAULT NULL,
  `VAAAjuste` float DEFAULT 0,
  `Mensaje1` varchar(200) DEFAULT NULL,
  `Mensaje2` varchar(200) DEFAULT NULL,
  `Mensaje3` varchar(200) DEFAULT NULL,
  `VAAValFac` float DEFAULT 0,
  `VAAPorTIM` float DEFAULT 0,
  `VAATIMAcu` float DEFAULT 0
) ENGINE=MyISAM DEFAULT CHARSET=utf8;

--
-- Volcado de datos para la tabla `valoresanuales`
--

INSERT INTO `valoresanuales` (`VAAAño`, `VAAPoDeRu`, `VAAPoDeUr`, `VAAValEmi`, `VAATasa1`, `VAATasa2`, `VAATasa3`, `VAAUIT`, `VAATopMin`, `VAAFeVePr`, `VAAFeVeSe`, `VAAFeVete`, `VAAFeVeCu`, `VAAAjuste`, `Mensaje1`, `Mensaje2`, `Mensaje3`, `VAAValFac`, `VAAPorTIM`, `VAATIMAcu`) VALUES
(2022, 0, 0, '11.0000', 0.002, 0.006, 0.01, '3100.0000', '19.0000', '2003-04-30 00:00:00', '2003-05-30 00:00:00', '2003-08-29 00:00:00', '2003-11-28 00:00:00', 1.648, 'Ninguno', 'Ninguno', 'Ninguno', 1.01, 1.5, 1.6),
(2021, 0, 0.18, '11.0000', 0.002, 0.006, 0.01, '3100.0000', '19.0000', '2002-04-30 00:00:00', '2002-05-30 00:00:00', '2002-08-29 00:00:00', '2002-11-28 00:00:00', 1.648, 'Ninguno', 'Ninguno', 'Ninguno', 1.027, 1.6, 3.1),
(2020, 0, 0.18, '11.0000', 0.002, 0.006, 0.01, '3000.0000', '18.0000', '2001-04-30 00:00:00', '2001-05-30 00:00:00', '2001-08-29 00:00:00', '2001-11-28 00:00:00', 1.648, 'Ninguno', 'Ninguno', 'Ninguno', 1, 1.8, 4.7),
(2019, 0, 0.18, '11.0000', 0.002, 0.006, 0.01, '2900.0000', '17.5000', '2000-04-30 00:00:00', '2000-05-30 00:00:00', '2000-08-29 00:00:00', '2000-11-28 00:00:00', 1.648, 'Ninguno', 'Ninguno', 'Ninguno', 1.032, 2.2, 6.5),
(2018, 0, 0, '8.0000', 0.002, 0.006, 0.01, '2400.0000', '14.4000', '1997-04-30 00:00:00', '1997-05-30 00:00:00', '1997-08-29 00:00:00', '1997-11-28 00:00:00', 1.6482, 'Ninguno', 'Ninguno', 'Ninguno', 1.041, 2.2, 13.1),
(2017, 0, 0, '8.0000', 0.002, 0.006, 0.01, '2600.0000', '15.6000', '1998-04-30 00:00:00', '1998-05-30 00:00:00', '1998-08-29 00:00:00', '1998-11-28 00:00:00', 1.6482, 'Ninguno', 'Ninguno', 'Ninguno', 1.041, 2.2, 10.9),
(2016, 0, 0, '10.0000', 0.002, 0.006, 0.01, '2800.0000', '16.8000', '1999-04-30 00:00:00', '1999-05-30 00:00:00', '1999-08-29 00:00:00', '1999-11-28 00:00:00', 1.6482, 'Ninguno', 'Ninguno', 'Ninguno', 1.037, 2.2, 8.7),
(2015, 0, 0, '11.0000', 0.002, 0.006, 0.01, '3200.0000', '19.0000', '2004-03-31 00:00:00', '2004-05-31 00:00:00', '2004-08-31 00:00:00', '2004-11-30 00:00:00', 1.648, 'Base Legal: Art. 28,31,33,77,78 del TUO-CT-DS Nº 135-99-EF. Art. 5,11,13,14,15 D.L.776', 'Si no es conforme, presente la documentación en la División de Rentas de la Municipalidad', 'Ninguno', 0, 0, NULL),
(2014, 0, 0, '8.0000', 0.002, 0.006, 0.01, '2400.0000', '14.4000', '1996-04-30 00:00:00', '1996-05-30 00:00:00', '1996-08-29 00:00:00', '1996-11-28 00:00:00', 1.6482, 'Ninguno', 'Ninguno', 'Ninguno', 1.08, 2.2, 15.3),
(2013, 0, 0, '11.0000', 0.002, 0.006, 0.01, '3300.0000', '19.0000', '2005-04-01 00:00:00', '2005-05-01 00:00:00', '2005-08-01 00:00:00', '2005-11-01 00:00:00', 0, 'Base Legal: Art. 28,31,33,77,78 del TUO-CT-DS Nº 135-99-EF. Art. 5,11,13,14,15 D.L.776', 'Si no es conforme, presente la documentación en la Unidad de Rentas de la Municipalidad', 'ninguno', 1.3, 1.5, 0),
(2012, 0, 0, '11.0000', 0.002, 0.006, 0.01, '3400.0000', '19.0000', '2006-04-01 00:00:00', '2006-05-01 00:00:00', '2006-08-01 00:00:00', '2006-11-01 00:00:00', 0, 'Base Legal: Art. 28,31,33,77,78 del TUO-CT-DS Nº 135-99-EF. Art. 5,11,13,14,15 D.L.776', 'Si no es conforme, presente la documentación en la Unidad de Rentas de la Municipalidad', 'ninguno', 1.3, 1.5, 0);

-- --------------------------------------------------------

--
-- Estructura de tabla para la tabla `valoresedificaciones`
--

CREATE TABLE `valoresedificaciones` (
  `VALAño` varchar(5) DEFAULT NULL,
  `VALDescri` varchar(30) DEFAULT NULL,
  `VALCatego` varchar(1) DEFAULT NULL,
  `VALValoMU` double DEFAULT NULL,
  `VALValoTE` double DEFAULT NULL,
  `VALValoPI` double DEFAULT NULL,
  `VALValoPU` double DEFAULT NULL,
  `VALValoRE` double DEFAULT NULL,
  `VALValoBA` double DEFAULT NULL,
  `VALValoIN` double DEFAULT NULL
) ENGINE=MyISAM DEFAULT CHARSET=utf8;

--
-- Volcado de datos para la tabla `valoresedificaciones`
--

INSERT INTO `valoresedificaciones` (`VALAño`, `VALDescri`, `VALCatego`, `VALValoMU`, `VALValoTE`, `VALValoPI`, `VALValoPU`, `VALValoRE`, `VALValoBA`, `VALValoIN`) VALUES
('2006', NULL, 'F', 93.35, 30.48, 41.84, 34.77, 47.87, 10.06, 21.5),
('2006', NULL, 'G', 81.89, 24.39, 35.17, 20.86, 40.68, 7.04, 12.9),
('2006', NULL, 'H', 41.11, 0, 13.54, 10.43, 16.27, 0, 0),
('2006', NULL, 'I', 16.44, 0, 2.98, 0, 0, 0, 0),
('2006', NULL, 'J', 6.58, 0, 0, 0, 0, 0, 0);

-- --------------------------------------------------------

--
-- Estructura de tabla para la tabla `vias`
--

CREATE TABLE `vias` (
  `VIACodigo` int(11) NOT NULL,
  `VIADescri` varchar(30) DEFAULT NULL,
  `VIATipVia` varchar(15) DEFAULT NULL,
  `VIACdrIni` tinyint(3) UNSIGNED DEFAULT 0,
  `VIACdrFin` tinyint(3) UNSIGNED DEFAULT 0,
  `VIALado` varchar(1) DEFAULT NULL
) ENGINE=MyISAM DEFAULT CHARSET=utf8;

--
-- Volcado de datos para la tabla `vias`
--

INSERT INTO `vias` (`VIACodigo`, `VIADescri`, `VIATipVia`, `VIACdrIni`, `VIACdrFin`, `VIALado`) VALUES
(1, 'Jiron Amargura', 'Jirón', 1, 5, 'A'),
(2, 'Jiron Ramon Castilla', 'Jirón', 1, 8, 'A'),
(3, 'Jiron Moyobamba', 'Jirón', 1, 1, 'A'),
(4, 'Jiron Miguel Grau', 'Jirón', 1, 1, 'A'),
(5, 'Jiron Satélite', 'Jirón', 1, 1, 'A'),
(6, 'Calle Arica', 'Calle', 0, 1, 'A');

--
-- Índices para tablas volcadas
--

--
-- Indices de la tabla `autoavaluo`
--
ALTER TABLE `autoavaluo`
  ADD PRIMARY KEY (`AUTCodigo`);

--
-- Indices de la tabla `autoavaluopagos`
--
ALTER TABLE `autoavaluopagos`
  ADD PRIMARY KEY (`ADPCodigo`);

--
-- Indices de la tabla `autoavaluoresumen`
--
ALTER TABLE `autoavaluoresumen`
  ADD PRIMARY KEY (`AURCodigo`);

--
-- Indices de la tabla `categoriadepredios`
--
ALTER TABLE `categoriadepredios`
  ADD PRIMARY KEY (`CAPCodigo`);

--
-- Indices de la tabla `clasificacion`
--
ALTER TABLE `clasificacion`
  ADD PRIMARY KEY (`CLACodigo`);

--
-- Indices de la tabla `condicionpropietario`
--
ALTER TABLE `condicionpropietario`
  ADD PRIMARY KEY (`CPRCodigo`);

--
-- Indices de la tabla `configuracion`
--
ALTER TABLE `configuracion`
  ADD PRIMARY KEY (`CONCodigo`);


--
-- Indices de la tabla `documentoinscripcion`
--
ALTER TABLE `documentoinscripcion`
  ADD PRIMARY KEY (`DOCCodigo`);

--
-- Indices de la tabla `estado`
--
ALTER TABLE `estado`
  ADD PRIMARY KEY (`ESTCodigo`);

--
-- Indices de la tabla `estadoconservacion`
--
ALTER TABLE `estadoconservacion`
  ADD PRIMARY KEY (`ESCCodigo`);

--
-- Indices de la tabla `licencias`
--
ALTER TABLE `licencias`
  ADD PRIMARY KEY (`LICCodigo`);

--
-- Indices de la tabla `limpiezapagos`
--
ALTER TABLE `limpiezapagos`
  ADD KEY `PRECodigo` (`PRECodigo`);

--
-- Indices de la tabla `limpiezaresumen`
--
ALTER TABLE `limpiezaresumen`
  ADD PRIMARY KEY (`LIRCodigo`),
  ADD KEY `LIRUsoPre` (`LIRUsoPre`),
  ADD KEY `PRECodigo` (`PRECodigo`),
  ADD KEY `LIRCodigo` (`LIRCodigo`);

--
-- Indices de la tabla `limpiezatarifas`
--
ALTER TABLE `limpiezatarifas`
  ADD PRIMARY KEY (`TARCodigo`);

--
-- Indices de la tabla `materialpredominante`
--
ALTER TABLE `materialpredominante`
  ADD PRIMARY KEY (`MPRCodigo`);

--
-- Indices de la tabla `partidaspresupuestarias`
--
ALTER TABLE `partidaspresupuestarias`
  ADD PRIMARY KEY (`PAPCodigo`);

--
-- Indices de la tabla `partidaspresupuestariasdetalles`
--
ALTER TABLE `partidaspresupuestariasdetalles`
  ADD KEY `PPDCantid` (`PPDCantid`),
  ADD KEY `PAPCodigo` (`PAPCodigo`);

--
-- Indices de la tabla `permisooperacion`
--
ALTER TABLE `permisooperacion`
  ADD KEY `PAPCodigo` (`PAPCodigo`);

--
-- Indices de la tabla `porcentajesdepreciacion`
--
ALTER TABLE `porcentajesdepreciacion`
  ADD PRIMARY KEY (`PDECodigo`),
  ADD KEY `CLACodigo` (`CLACodigo`),
  ADD KEY `MPRCodigo` (`MPRCodigo`),
  ADD KEY `ESCCodigo` (`ESCCodigo`);

--
-- Indices de la tabla `prediocaracteristicas`
--
ALTER TABLE `prediocaracteristicas`
  ADD KEY `CTBCodigo` (`CTBCodigo`);

--
-- Indices de la tabla `predios`
--
ALTER TABLE `predios`
  ADD PRIMARY KEY (`PRECodigo`),
  ADD KEY `VIACodigo` (`VIACodigo`),
  ADD KEY `CTBCodigo` (`CTBCodigo`),
  ADD KEY `ARACodigo` (`ARACodigo`),
  ADD KEY `CLACodigo` (`CLACodigo`),
  ADD KEY `UBICodigo` (`UBICodigo`),
  ADD KEY `USOCodigo` (`USOCodigo`),
  ADD KEY `ESTCodigo` (`ESTCodigo`),
  ADD KEY `TIPCodigo` (`TIPCodigo`),
  ADD KEY `MPRCodigo` (`MPRCodigo`),
  ADD KEY `ESCCodigo` (`ESCCodigo`),
  ADD KEY `CPRCodigo` (`CPRCodigo`),
  ADD KEY `TARCodigo` (`TARCodigo`);

--
-- Indices de la tabla `tipodocumento`
--
ALTER TABLE `tipodocumento`
  ADD PRIMARY KEY (`TDOCodigo`);

--
-- Indices de la tabla `tipopredios`
--
ALTER TABLE `tipopredios`
  ADD PRIMARY KEY (`TIPCodigo`);

--
-- Indices de la tabla `ubicacion`
--
ALTER TABLE `ubicacion`
  ADD PRIMARY KEY (`UBICodigo`);

--
-- Indices de la tabla `users`
--
ALTER TABLE `users`
  ADD PRIMARY KEY (`id`);

--
-- Indices de la tabla `usopredios`
--
ALTER TABLE `usopredios`
  ADD PRIMARY KEY (`USOCodigo`);

--
-- Indices de la tabla `usuarios`
--
ALTER TABLE `usuarios`
  ADD PRIMARY KEY (`USUCodigo`),
  ADD KEY `USUClave` (`USUClave`);

--
-- AUTO_INCREMENT de las tablas volcadas
--

--
-- AUTO_INCREMENT de la tabla `users`
--
ALTER TABLE `users`
  MODIFY `id` bigint(20) UNSIGNED NOT NULL AUTO_INCREMENT, AUTO_INCREMENT=2;
COMMIT;

